0 = 0. List the prime factors of m.
2, 3, 5
Let r = 4742 + -774. What are the prime factors of r?
2, 31
Let k(p) = p**3 + 5*p**2 + 2*p + 2. Let c be k(-4). Let h be (37*2)/((-5)/c). Let d = h + 218. List the prime factors of d.
2, 5, 7
Let m = 31 + 304. What are the prime factors of m?
5, 67
Let u(j) = -26*j - 455. List the prime factors of u(-52).
3, 13, 23
Let a = 18 - -6. Suppose 6*g = 2*g + 5*y + a, -5*g + 2*y = -13. Suppose 25 = 3*u + g. What are the prime factors of u?
2
Let i = -26 + 9. Let o = i - -77. Suppose -3*h + 12 + o = 0. List the prime factors of h.
2, 3
Suppose 5*n - 26 - 9 = 0. Let h(m) = 0*m**2 - 5*m - 3*m**2 + 2 + 4*m**2 + 5. What are the prime factors of h(n)?
3, 7
Suppose 0 = 23*w - 19561 - 5693. What are the prime factors of w?
2, 3, 61
Suppose -4*t - 4248 = -0*y - 5*y, -t - 4242 = -5*y. Suppose 6*h + 2*h = y. What are the prime factors of h?
2, 53
Suppose 1267 = 3*h + g, h = -0*h - 3*g + 417. List the prime factors of h.
3, 47
Suppose k - 16 = -k + 4*u, k = -5*u + 15. Suppose -o + k = o. What are the prime factors of ((-270)/25)/((-2)/o)?
3
Suppose 256 = k - 3*q - 796, 4*k + 3*q - 4238 = 0. What are the prime factors of k?
2, 23
Suppose -3*y + 4*a + 1258 = 0, -3*y - 3*a + 166 + 1127 = 0. List the prime factors of y.
2, 3, 71
List the prime factors of -3*(-590 + 18/(-6)).
3, 593
Let s(k) = k**2 + 3*k + 2. Suppose q = 5*p - 17, 4*p = -3 + 19. List the prime factors of s(q).
2, 5
Let b = 1241 - 819. List the prime factors of b.
2, 211
Let l(r) = -10*r**3 - 3*r**2 - 18 + 9*r + 9*r**3 - 10*r**2. What are the prime factors of l(-14)?
2, 13
Let x be 3/2*((-10)/15 + 2). Suppose -x*t - t + 942 = 0. What are the prime factors of t?
2, 157
Let s(m) = 130*m - 543. List the prime factors of s(20).
11, 17
Suppose -5*a = 0, -2*a = 2*p + 3*a - 16. Let x be ((-36)/p)/(3/(-36)). Suppose -168 = -3*k + x. What are the prime factors of k?
2, 37
Suppose 3 = -h - 10. Let t be (-1276)/h + 2/(-13). Let q = t - 45. What are the prime factors of q?
53
Let l = -34 - -62. Suppose 0 = -5*k + 4*m + l + 11, -41 = -3*k - 2*m. List the prime factors of k.
11
Suppose 2*k = -6, 5*w - 846 = -5*k + 1504. What are the prime factors of w?
11, 43
Let i(r) = -22*r - 9. Let o(p) = 23*p + 8. Let q(k) = -4*i(k) - 5*o(k). What are the prime factors of q(-4)?
2, 13
Suppose 11*v - 6*v - r = 391, 0 = 3*v - r - 235. Suppose 6*j = 4*j + v. What are the prime factors of j?
3, 13
Let x = -1190 - -2238. What are the prime factors of x?
2, 131
Suppose 0 = -0*h + 4*h + 1488. Let l = 526 + h. What are the prime factors of l?
2, 7, 11
Let d(y) be the third derivative of y**5/15 + 7*y**4/24 - y**3/3 + y**2. What are the prime factors of d(3)?
5, 11
Let b(z) = -295*z**3 + 3*z**2 - 8*z - 11. What are the prime factors of b(-1)?
5, 59
Let k = 16 + -14. Suppose -j = -4*z - 30, -z = -k*j - j + 35. List the prime factors of 4/j - (-459)/15.
31
What are the prime factors of (15 - -4434)/((-21)/6 - -5)?
2, 1483
Let d(y) = 25*y + 34. What are the prime factors of d(10)?
2, 71
Suppose 0 = n - t - 278, 2*n = 51*t - 47*t + 550. List the prime factors of n.
281
Suppose 343 - 135 = 8*s. Suppose -25 = -3*z + 8*z. Let q = s + z. What are the prime factors of q?
3, 7
Suppose -91576 - 14816 = -104*o. What are the prime factors of o?
3, 11, 31
Let c(f) = -334*f - 264. What are the prime factors of c(-3)?
2, 3, 41
Let u = 22 + -17. Suppose -5*w - u = -30. Suppose 2*l + 2 = 0, w*y + 3*l - 15 = 87. List the prime factors of y.
3, 7
Suppose 6*v - v - 268 = -w, 5*v - 266 = -2*w. List the prime factors of v.
2, 3
Let w = 132 + -74. Let s = w + -24. What are the prime factors of s?
2, 17
Suppose 9*c - 385 = -4*j + 4*c, -3*c - 282 = -3*j. What are the prime factors of j?
5, 19
Let b = 69 + -21. Let o = b + -41. List the prime factors of o.
7
Let s(n) = -2*n**2 - 10*n + 1. Let f be s(-5). Let c be (-15)/f*(-3)/5. Let v = -2 + c. List the prime factors of v.
7
Let x(v) be the second derivative of -v**4/12 + 7*v**3/6 + 12*v**2 + 7*v. What are the prime factors of x(7)?
2, 3
Let y(p) = -p**3 + 15*p**2 - 16*p + 19. Let v be y(14). What are the prime factors of ((-2)/(-8))/(v/(-6876))?
191
Let o = 328 - 141. Let t = o - 9. What are the prime factors of t?
2, 89
Let x be 222 + 0 + (-1 - 4). Suppose 116*y - 115*y = x. What are the prime factors of y?
7, 31
Suppose 0 = -0*a + 2*a - 16. Let s be a + -4 + (1 - 2). Suppose 4*r - 7 = s*r. What are the prime factors of r?
7
Suppose 0 = -6*m + 2*m + 16. Suppose 3*d - m*q = 83, -4*q + 125 = 5*d - 8*q. Suppose -j = -4*j + d. What are the prime factors of j?
7
Suppose -4*v + v = 42. Let r = 41 + -14. Let c = r + v. What are the prime factors of c?
13
What are the prime factors of (-15048)/(-15) + 6/(-30)?
17, 59
Suppose 0 = -47*d + 41*d + 954. What are the prime factors of d?
3, 53
Suppose 12 = -4*m - 4*x, 12 + 3 = -3*x. Suppose m*v - 9 = 9. List the prime factors of v.
3
Let y(x) = 9*x - 1. Let d be y(-1). Let b = d + 15. List the prime factors of 108/5 - (-2)/b.
2, 11
Suppose 0 = -1579*o + 1584*o - 110. Let d be 1/2 + (-3)/2. What are the prime factors of (d - 0)*-1 + o?
23
Let a be (-4 - -1) + 91 + 0. Suppose -5*u = 682 + a. What are the prime factors of u/(-7) + (-4)/(-2)?
2, 3
Let y(q) = 2*q + 199. What are the prime factors of y(36)?
271
Suppose 3*f + 2*g + 27 = 0, -4*f = -2*g - 3*g + 36. Let l(v) = -7*v + 57. What are the prime factors of l(f)?
2, 3, 5
Suppose -w - 1064 = -3*v - 57, 2*w = 2. What are the prime factors of v?
2, 3, 7
Suppose 2*k + 210 = 4*c, 3*c - 2*k - 150 = 2*k. Suppose 0*x = -3*x. Suppose -r + x*r = -c. What are the prime factors of r?
2, 3
Suppose 0 = -5*s + 353 - 33. Suppose -i = -s - 9. List the prime factors of i.
73
Suppose 0 = 5*k - 6*b + b - 1150, -210 = -k - 3*b. What are the prime factors of k?
3, 5
Suppose 1065 - 195 = 3*w. What are the prime factors of w?
2, 5, 29
Let h be (2/(-4))/((-2)/48). Suppose 78 + 30 = 4*y. Let q = h + y. What are the prime factors of q?
3, 13
Let b = -58 - -328. List the prime factors of b.
2, 3, 5
What are the prime factors of (-13035)/(-40) + (6 - 3)/24?
2, 163
Suppose -31 = 3*r + 5*p, r - p = -3*r - 3. Let j(d) = -11*d**3 - 3*d**2 + d + 2. What are the prime factors of j(r)?
2, 19
Let t(n) = -n**3 + 5*n**2 + 2*n - 6. Let s be t(4). Let u = 12 - s. What are the prime factors of (u + 1)*(-2)/1?
2, 5
Suppose 5*s - 2*x - 1693 = 0, -3*x + 77 + 1282 = 4*s. What are the prime factors of s?
3, 113
What are the prime factors of (-9508)/(-14) - ((-1577)/133 - -12)?
7, 97
Let n = -306 + 197. Let t = n - -187. List the prime factors of t.
2, 3, 13
Suppose 2*w + 4*d - 2 = -3*w, 4 = 4*w + 2*d. List the prime factors of 10/w*352/20.
2, 11
Let j(s) = -2*s + 10. Let g be j(4). What are the prime factors of (3 + (-21)/9)/(g/219)?
73
Suppose 0*g = 6*g - 1734. List the prime factors of g.
17
Let f be ((-18)/(-4))/((-6)/16). Suppose 4*i - 184 + 220 = 0. Let u = i - f. What are the prime factors of u?
3
Let b = 4856 - 3376. What are the prime factors of b?
2, 5, 37
Let z(f) = -5*f**3 - 24*f**2 - 32*f + 9. Let t(s) = -s**3 - s**2 - s. Let o(q) = -6*t(q) + z(q). What are the prime factors of o(20)?
17
Let n be ((-32)/24)/((-2)/3). Let u = 2 - n. Suppose 3*k + u*k - 6 = 0. What are the prime factors of k?
2
Suppose 3*q + 1 = 4*q, -3*k + 1619 = 5*q. List the prime factors of k.
2, 269
Let r(m) = -8*m - 6. Let n = 4 - 11. Let i be r(n). Suppose -4*f + 6*f - i = 0. What are the prime factors of f?
5
Let n(o) = -679*o - 27. List the prime factors of n(-1).
2, 163
Suppose 0 = -2*g + l + 2452, 5*g - 7*l + 2*l = 6135. What are the prime factors of g?
5, 7
Suppose 6 = -0*i + 2*i. Let w(f) = -f**3 + 19*f**2 + 7*f - 53. Let j be w(19). Suppose -i*t - j = -8*t. List the prime factors of t.
2
Let b(i) = 14*i + 112. Let s(l) = 5*l + 38. Let y(x) = -2*b(x) + 7*s(x). What are the prime factors of y(-3)?
3, 7
Suppose -23*g + 11*g + 9612 = 0. What are the prime factors of g?
3, 89
Suppose -3*p + 4*u + 22 = 0, 4*p + 0*u = -2*u. Let q be (-6)/p*(-4)/4. Suppose -4*z + 2 = -d + q*d, -4*z + d = -17. List the prime factors of z.
3
Let f = 13867 - 8896. What are the prime factors of f?
3, 1657
Let w(a) = 6*a**3 - 6*a**2 - 9*a - 10. Let s(r) = -6*r**3 + 5*r**2 + 9*r + 9. Let n(u) = -6*s(u) - 5*w(u). What are the prime factors of n(3)?
131
Suppose 0 = -